2, what is 11001100011 - 11?
11001100000
In base 7, what is -614 - 5?
-622
In base 9, what is -44 - 7?
-52
In base 2, what is -101 + 1101110?
1101001
In base 7, what is 4504 + 3?
4510
In base 3, what is -100 - 1011?
-1111
In base 13, what is 1 - 18?
-17
In base 4, what is 32013 - 10?
32003
In base 13, what is 3 - 168?
-165
In base 7, what is -2 - -11646?
11644
In base 3, what is -2 + 100?
21
In base 14, what is -7 - 7?
-10
In base 14, what is -482 + 4?
-47c
In base 16, what is 4 + -1ad?
-1a9
In base 2, what is -1101010 - -10?
-1101000
In base 12, what is 10 - 7?
5
In base 12, what is -5 - 814?
-819
In base 15, what is 25 - -25?
4a
In base 2, what is -101 + -10010?
-10111
In base 16, what is 2fb8 - 4?
2fb4
In base 12, what is -72 + -1?
-73
In base 6, what is 213 - -13?
230
In base 10, what is -24587 - 0?
-24587
In base 15, what is -149e + -2?
-14a1
In base 2, what is 101 + -1000?
-11
In base 10, what is 18 - 0?
18
In base 16, what is 4 + 78?
7c
In base 8, what is 117 - 4?
113
In base 10, what is 12 + 118?
130
In base 15, what is 0 + 8?
8
In base 7, what is 12 + 13?
25
In base 9, what is -713 - 20?
-733
In base 9, what is 13 + 37?
51
In base 14, what is -d3 + 4?
-cd
In base 7, what is 5 - 60?
-52
In base 14, what is 295 - -c?
2a3
In base 3, what is -12 + -121122?
-121211
In base 12, what is -11 + 0?
-11
In base 15, what is 1 + 4c4?
4c5
In base 7, what is 56 - 3?
53
In base 8, what is -1 - -416?
415
In base 13, what is -4 - 36b?
-372
In base 5, what is -1 - 124?
-130
In base 5, what is -132 + 32?
-100
In base 2, what is -1 + -1111?
-10000
In base 15, what is -65 + -4?
-69
In base 11, what is 42 - 14?
29
In base 14, what is -2 - 6ad?
-6b1
In base 8, what is 0 + -43?
-43
In base 7, what is -34 - -556?
522
In base 9, what is 11 + -12?
-1
In base 12, what is -14 + 111?
b9
In base 7, what is -5 - 613?
-621
In base 4, what is -333 + -3?
-1002
In base 2, what is 1001100010 - -1?
1001100011
In base 5, what is 34 + -4233?
-4144
In base 16, what is 2ca7 - -3?
2caa
In base 12, what is 19 - 97?
-7a
In base 10, what is 141 + 2?
143
In base 4, what is -331 + 11230?
10233
In base 13, what is 27 + 3?
2a
In base 16, what is 19 + 68?
81
In base 13, what is 1136 + 5?
113b
In base 10, what is -9 - -196?
187
In base 8, what is -3000 - 3?
-3003
In base 8, what is 4 - -5221?
5225
In base 10, what is 1181 + 8?
1189
In base 11, what is 290 - 6?
285
In base 16, what is -3 - 108c?
-108f
In base 2, what is 100100100101 - 1000?
100100011101
In base 13, what is -15c1 + 8?
-15b6
In base 13, what is -2 + -169?
-16b
In base 10, what is 8 + 3120?
3128
In base 15, what is -72 - 4?
-76
In base 16, what is a + b0?
ba
In base 11, what is -33 + 5?
-29
In base 12, what is -110 - 2?
-112
In base 6, what is 31 + 42?
113
In base 6, what is 304 - -45?
353
In base 5, what is 0 + -12443?
-12443
In base 10, what is 647 + 5?
652
In base 5, what is 11344 + 1?
11400
In base 4, what is 2 - -202?
210
In base 6, what is -1 - 303?
-304
In base 8, what is -5 - -332?
325
In base 13, what is 879 + 2?
87b
In base 5, what is 13214 - 2?
13212
In base 6, what is -53 + 44?
-5
In base 3, what is 2 - -12122?
12201
In base 9, what is -15 - 686?
-712
In base 11, what is -3a9 + -1?
-3aa
In base 15, what is 68b - 0?
68b
In base 8, what is -2 - 1131?
-1133
In base 2, what is 100 - 1110000001?
-1101111101
In base 5, what is 34 - 4?
30
In base 11, what is 7 - 590?
-584
In base 7, what is 2144 + 3?
2150
In base 3, what is -2020 - 0?
-2020
In base 15, what is -a - -75?
6a
In base 3, what is -20012 + 10?
-20002
In base 5, what is 30131 - 20?
30111
In base 14, what is b0 - 1?
ad
In base 2, what is -10101011 - -1?
-10101010
In base 10, what is 92 + 32?
124
In base 7, what is 614 - -5?
622
In base 4, what is -10 - 113?
-123
In base 4, what is 22 - 13?
3
In base 14, what is -26 - 5?
-2b
In base 4, what is 100 + 110?
210
In base 11, what is -6 + -2a?
-35
In base 10, what is 2 - -74?
76
In base 16, what is -10 - e?
-1e
In base 11, what is 4 + 919?
922
In base 12, what is 1 + 14b7?
14b8
In base 16, what is -80 - 5?
-85
In base 14, what is 2b4 + -3?
2b1
In base 9, what is 10382 + -5?
10376
In base 9, what is -14 - -4?
-10
In base 12, what is 36031 + -1?
36030
In base 2, what is 1001 - 1111?
-110
In base 3, what is 11110 + 11?
11121
In base 5, what is -13131 + -1?
-13132
In base 9, what is -53 - 23?
-76
In base 6, what is -1055 - 2?
-1101
In base 14, what is 10 - a?
4
In base 14, what is 56 + -3?
53
In base 6, what is -155 - 134?
-333
In base 10, what is -68 + 11?
-57
In base 11, what is 423 + -5?
419
In base 12, what is 235 + 1?
236
In base 4, what is -301121 - -2?
-301113
In base 15, what is 10c + -5?
107
In base 8, what is -60 + 62?
2
In base 6, what is 44 + 211?
255
In base 9, what is 8 + 126?
135
In base 14, what is -89 + 10?
-79
In base 7, what is 36 - -4?
43
In base 11, what is 48 - -233?
280
In base 10, what is 5 + -12?
-7
In base 8, what is 11 - -2?
13
In base 7, what is 1 - -11?
12
In base 9, what is 5806 + 0?
5806
In base 8, what is 3 + -227?
-224
In base 8, what is 4 - 136?
-132
In base 16, what is 3 + f3?
f6
In base 5, what is 2 - 131?
-124
In base 9, what is 38675 - 2?
38673
In base 5, what is 144 + 1?
200
In base 9, what is -160 - 3?
-163
In base 14, what is 5 + 7d?
84
In base 13, what is 873 + 4?
877
In base 14, what is -1 + 37?
36
In base 6, what is -2 - -21021?
21015
In base 10, what is 75 - 4?
71
In base 5, what is -140 + 20?
-120
In base 13, what is 4 - -87?
8b
In base 9, what is -12 + 13?
1
In base 11, what is -84 + -2?
-86
In base 12, what is -147 + -5?
-150
In base 12, what is -8 - 52?
-5a
In base 2, what is 10101011101 + 100?
10101100001
In base 7, what is -402 + 3?
-366
In base 7, what is 0 - -40?
40
In base 13, what is 4 - -80?
84
In base 14, what is -8 + -4?
-c
In base 8, what is -1277 + 0?
-1277
In base 11, what is -1 + -544?
-545
In base 12, what is 4 + -7?
-3
In base 6, what is 2 - -235?
241
In base 14, what is da1 + 0?
da1
In base 9, what is -14371 - -3?
-14367
In base 15, what is 31 + 38?
69
In base 16, what is -14f + 0?
-14f
In base 3, what is 111102 - -10?
111112
In base 11, what is 2 - -32?
34
In base 11, what is -4 + -88?
-91
In base 13, what is 4 - 5?
-1
In base 15, what is 10 - -1?
11
In base 3, what is 2 - -1121222?
1122001
In base 7, what is 46 + 22?
101
In base 11, what is -167 - 0?
-167
In base 15, what is -3 - c3e?
-c42
In base 4, what is 21202 + -220?
20322
In base 16, what is 5 - 181?
-17c
In base 14, what is 1 + -6?
-5
In base 6, what is -113532 + -4?
-113540
In base 12, what is 2 - -98?
9a
In base 11, what is 166 + -2?
164
In base 4, what is -10 + 2000?
1330
In base 14, what is ba + -7?
b3
In base 15, what is 8 - -56?
5e
In base 4, what is -1020 + -2?
-1022
In base 5, what is 213 + -30?
133
In base 14, what is 6d5 + -5?
6d0
In base 5, what is -112 - -30?
-32
In base 14, what is -a0 + 0?
-a0
In base 4, what is -2 - 0?
-2
In base 12, what is -2 - 47?
-49
In base 9, what is -4 - 28?
-33
In base 9, what is 18 + -1?
17
In base 7, what is -1 - 31?
-32
In base 8, what is 1414 + 1?
1415
In base 7, what is 241 + -3?
235
In base 10, what is 5 + 483?
488
In base 14, what is -5 - 572?
-577
In base 3, what is 2222121 + 12?
2222210
In base 5, what is -100 - -12001?
11401
In base 8, what is -1 + -15?
-16
In base 4, what is -32 + -21013?
-21111
In base 10, what is 70 + 227?
297
In base 11, what is 166 + 1?
167
In base 13, what is -1 - b3?
-b4
In base 15, what is -5 + 107?
102
In base 2, what is -11010011 - 0?
-11010011
In base 13, what is 29b + -6?
295
In base 8, what is 5 + 106?
113
In base 15, what is -77 + -10?
-87
In base 8, what is 116 - 66?
30
In base 15, what is -d + -17?
-25
In base 13, what is -1 - 150?
-151
In base 10, what is 3095 + 4?
3099
In base 14, what is -1c0 - -4?
-1ba
In base 4, what is 0 + -1313?
-1313
In base 12, what is 5 + 108b?
1094
In base 10, what is 8 + -200?
-192
In base 7, what is 2203 + 5?
2211
In base 3, what is -200021 + 102?
-122212
In base 7, what is 1 - -61?
62
In base 6, what is 11 - 2541?
-2530
In base 4, what is -130221 - -20?
-130201
In base 13, what is 26 + 5?
2b
In base 15, what is -a - -21?
16
In base 12, what is -4 + 28?
24
In base 8, what is 107 - -403?
512
In base 2, what is -100 - -101001?
100101
In base 15, what is -6c3 + -7?
-6ca
In base 13, wha